17 is divided by q.
5
Suppose 5*y - 35 = -w, 0 = -y - 3*y - w + 29. Suppose -m + 10 = 4*m. What is the remainder when (17/2)/(m/4) is divided by y?
5
Let m(d) = -d**2 + 3*d + 5. Let u be m(4). Let o = u + 13. Suppose -2*q + o = -0*q. Calculate the remainder when 19 is divided by q.
5
Let n(o) = 2*o**3 - o**2 - 2. Let f be (-8)/(-5) + 34/85. What is the remainder when 17 is divided by n(f)?
7
Suppose -2*j + 3*j + 25 = 0. Calculate the remainder when 29 is divided by j/(-2)*(-16)/(-20).
9
Let h = -14 + 26. Let y = h + 0. Calculate the remainder when ((-2)/(-2))/(3/102) is divided by y.
10
Let l = -8 + 11. Suppose -4*g - 3*m = -69, 5*g - l*m - 95 = -5*m. Calculate the remainder when g is divided by 8.
5
Suppose -20*w = -24*w + 48. What is the remainder when w is divided by 3?
0
Suppose 47 = 4*h - 13. Let d(b) = b**3 + 7*b**2 - 7*b - 7. What is the remainder when d(-7) is divided by h?
12
Let r be (-1)/1*2/2. Let j = 2 + r. What is the remainder when ((-2)/(-3))/(6/9) is divided by j?
0
Let r(d) = 5*d + 2. Let z(s) be the second derivative of -s**3/6 + 3*s**2 + 2*s. What is the remainder when r(6) is divided by z(-5)?
10
Suppose -2*q + 7 = -9. Let x = 17 - q. Calculate the remainder when x is divided by 4.
1
Let v be -2 - (2 - 4) - -2. Let l be v/(-11) + (-68)/(-11). Let a(i) = -i**2 + 12*i - 8. Calculate the remainder when a(l) is divided by 15.
13
Let y = -17 - -30. Let h(s) = 7*s**2 + 2*s - 1. What is the remainder when y is divided by h(1)?
5
What is the remainder when ((-447)/(-9) - 3)/((-22)/(-33)) is divided by (-1 - 0) + (36 - -1)?
34
Let b = 44 - 22. What is the remainder when 85 is divided by b?
19
Let o = 26 + -4. Let s = -7 + o. Calculate the remainder when 43 is divided by s.
13
Let c(i) = i**2 + 6*i + 3. Let r be c(-5). Suppose -3*g + 42 = -2*p, p = 4*g - 2*p - 57. Calculate the remainder when g is divided by 1/(r*3/(-30)).
2
Suppose 3*w = 3*k + 51, 0 = 4*w - 9*w + 4*k + 89. Calculate the remainder when w is divided by 9.
3
Suppose 4*j - 117 = -5*z + j, -2*z + j = -49. What is the remainder when z is divided by 9?
6
Let g(l) = -l**3 + 8*l**2 + 10*l - 3. Let x be g(9). Suppose 11*f - x*f = 15. Calculate the remainder when 3 is divided by f.
0
Suppose 0 = -u + n + 52, u - 176 = -2*u - n. Suppose 0*b = b - 20. Calculate the remainder when u is divided by b.
17
Suppose 2*r - 40 = 5*m, 0 = 2*r + 2*m - 0*m - 12. Suppose f - 5*i = 39, -2*f + 5*i = 2*f - 96. Calculate the remainder when f is divided by r.
9
Suppose 0 = 3*p - 121 - 212. What is the remainder when p is divided by 14?
13
Suppose -3*m = 3*q - 57, 0 = -m - 2*m - 4*q + 58. Suppose 58 = 2*b + 2*p, -b + 4*p = 3*p - 39. What is the remainder when b is divided by m?
16
Let x(c) = -c - 1. Let z be x(-2). What is the remainder when 25 is divided by 212/16 - z/4?
12
Let f = -15 + 36. Suppose 0 = 4*k - u - 34, -5*k + 39 = -u - 2*u. Suppose -24 = -3*n + k. Calculate the remainder when f is divided by n.
10
Suppose 0 = -2*j - 4*m + 11 + 7, -j = 4*m + 1. What is the remainder when 34 is divided by j?
15
Let w = -6 - -6. Let h be 4/(-1*(-1 + 0)). Suppose h*i - 5*x - 63 = 0, w = 4*x - 0*x - 20. Calculate the remainder when i is divided by 6.
4
Let k(m) = 4*m + 4 - 2 - 26*m. Suppose 0 = 6*a - 3*a - 48. Calculate the remainder when k(-2) is divided by a.
14
Suppose 2 = -2*v + 8. Suppose 0 = 3*u + 9, -v*u + u = 5*p - 74. Calculate the remainder when p is divided by 9.
7
Let v be ((-2)/(-3))/(1/3). Calculate the remainder when ((-42)/(-9))/(v/9) is divided by 6.
3
Suppose 245 = 5*h - 2*u, 4*h - 24 = -5*u + 172. What is the remainder when h is divided by 26?
23
Let w = 121 - 106. What is the remainder when 58 is divided by w?
13
Suppose 5*d - d = -5*j - 96, -j = 4*d + 32. Let n = -7 - j. Suppose -6*a = 3*c - a - 80, -c = 5*a - 30. Calculate the remainder when c is divided by n.
7
Suppose -4*r + 3*c - 2 = 0, 0 = -5*r - 0*r + 3*c - 1. Suppose -3*y + 4*k = -17, y = 2*y + 2*k + r. What is the remainder when 4 is divided by y?
1
Let v be ((-48)/2)/((-6)/(-16)). What is the remainder when ((-2)/(-4))/((-2)/v) is divided by 9?
7
Suppose 5*q = 9*q. Suppose -2*h + 4*h - 30 = q. What is the remainder when 41 is divided by -1 + (-2)/((-2)/h)?
13
Suppose 0 = 5*n - 20 + 5. Suppose 0 = 2*a - 5*f - 27 - 3, -2*a + 62 = 3*f. Calculate the remainder when a is divided by (-1)/n - 40/(-3).
12
Let r(u) = -u + 14. What is the remainder when (-51)/(-2) - (-6)/12 is divided by r(7)?
5
Let x(g) = -14*g - 17. Calculate the remainder when x(-5) is divided by 14.
11
Let y be 0/(-2) - (1 - 0). Let h = 0 + y. Let b = h - -7. What is the remainder when b is divided by 4?
2
Suppose i + i - 16 = 0. Let h be (-3)/(1*(-2)/40). Suppose 5*t - t - h = 0. Calculate the remainder when t is divided by i.
7
Let o(s) = 4*s - 3*s**3 - 4*s**2 + 3 + s**2 + 2*s**2. Suppose 6*z = z - 10. What is the remainder when 28 is divided by o(z)?
13
Suppose -4*f - 3*s + 151 = -72, 0 = 5*s - 5. Let g(h) = 6*h + 1. Suppose -4*z = -2*z - 6. What is the remainder when f is divided by g(z)?
17
Suppose 4*p = -2*u + 38, -5*p + 0*u + 3*u = -20. Let x = p - 4. Suppose x*a - 30 = -3*k, -2*a = a + 5*k - 28. Calculate the remainder when 21 is divided by a.
10
Suppose 3*x - 16 + 1 = 0. Suppose -2*r + 8 = 2*c, -10 = -3*r + c - 3*c. Calculate the remainder when x is divided by r.
1
Let h(f) = 107*f**2 - f - 1. Let w be h(2). Let j = -237 + w. Suppose -3*i = 0, 4*q + i = -4*i + j. What is the remainder when q is divided by 16?
15
Let x = 18 - -11. What is the remainder when x is divided by 6?
5
Let x = -10 + 21. Calculate the remainder when 33 + (-3 - 2) + 3 is divided by x.
9
Let r = -31 + 97. What is the remainder when 193 is divided by r?
61
Calculate the remainder when 19 is divided by (-22)/(-6)*(6 + -6 - -3).
8
Suppose 0 = 9*w + 54 - 252. What is the remainder when 83 is divided by w?
17
Let l = 17 + -12. Let q(w) = -w**3 + 6*w**2 - w - 7. Calculate the remainder when q(l) is divided by 4.
1
Let g = -12 - -22. Suppose -2*p + 7*p = 15. Suppose 0 = 4*o - 3*w - 104, -2*o = p*w - w - 66. What is the remainder when o is divided by g?
9
Suppose 0*l + 24 = 4*l. Suppose -5*y = -3*y - 8. Let x(m) = 2*m - 6. What is the remainder when l is divided by x(y)?
0
Suppose g + 88 = 296. What is the remainder when g is divided by 21?
19
Let c be 430/4 + (-3)/(-6). Suppose 5*r - c = r. Let t = r - 16. Calculate the remainder when 20 is divided by t.
9
What is the remainder when 21 is divided by 0 + 5 + (4 - -2)?
10
Let g be 88/14 - 8/28. Let b be 8/g*(-18)/(-4). Suppose 0 = b*m - 4*m - 6. What is the remainder when 4 is divided by m?
1
Let x(v) = -v**3 + 5*v**2 + v - 14. What is the remainder when 59 is divided by x(4)?
5
Let s(a) = a**2 + 2*a + 1. Let r be 5 + (3 + -2 - 0). Let m = r + -5. Calculate the remainder when m is divided by s(-2).
0
Let g(f) = f**2 + 2*f + 1. Let o be g(-1). Let b(a) = -a**3 + 3. Calculate the remainder when 144/27*3/2 is divided by b(o).
2
What is the remainder when 61 is divided by (-328)/(-16) + 2/4?
19
Suppose 4*r + 374 = 62. Let v = -46 - r. What is the remainder when v is divided by 17?
15
Suppose 0 = -3*o - 3*v + 12, v + 3 = 2*o - 8. What is the remainder when 6 is divided by o?
1
Let x = 44 + -29. What is the remainder when 82 is divided by (x - 1)*(8 + -6)?
26
Let b = 49 + -35. Calculate the remainder when 25 is divided by b.
11
Let l be 105/(-25) + 2/10. Let o = -4 - l. Suppose -3*b + o*b + 36 = 0. Calculate the remainder when 46 is divided by b.
10
Let n = 21 - 6. Calculate the remainder when n is divided by 6.
3
Let k(b) = 2*b**2 - b - 1. Let n be k(-1). Suppose 83 = -3*s + n*g, -g + 23 = -s + 2*g. Let j = -18 - s. Calculate the remainder when j is divided by 6.
5
Suppose 0 = -5*t + 2*t + 57. Calculate the remainder when t is divided by (-40)/(-6)*(-21)/(-14).
9
Let z = 11 - 3. Suppose -j + z + 19 = 0. Calculate the remainder when j is divided by 14.
13
Let c(m) = 4*m**2 + 2*m - 3*m - 1 - 4*m + 4*m. Calculate the remainder when 37 is divided by c(2).
11
Suppose 4*p = -3*c + 81 - 20, 5*c + 50 = 5*p. Suppose 3*o - p = 35. What is the remainder when o is divided by (-1 - -4) + 24/4?
7
Let o(p) = -4*p + 2. What is the remainder when o(-6) is divided by (14/(3 + -2))/1?
12
Suppose -28 = -6*s + 662. Calculate the remainder when s is divided by 3